{"id":601,"date":"2021-07-03T07:23:55","date_gmt":"2021-07-03T07:23:55","guid":{"rendered":"https:\/\/kits.themecy.com\/lifewater\/?page_id=9"},"modified":"2026-01-18T13:50:44","modified_gmt":"2026-01-18T10:50:44","slug":"about-2","status":"publish","type":"page","link":"https:\/\/endulusgrup.com\/?page_id=601","title":{"rendered":"Hakk\u0131m\u0131zda"},"content":{"rendered":"<style>.kb-row-layout-id601_30602b-a5 > .kt-row-column-wrap{align-content:start;}:where(.kb-row-layout-id601_30602b-a5 > .kt-row-column-wrap) > .wp-block-kadence-column{justify-content:start;}.kb-row-layout-id601_30602b-a5 > .kt-row-column-wrap{column-gap:var(--global-kb-gap-md, 2rem);row-gap:var(--global-kb-gap-md, 2rem);max-width:var( --global-content-width, 1290px );padding-left:var(--global-content-edge-padding);padding-right:var(--global-content-edge-padding);padding-top:150px;padding-bottom:80px;grid-template-columns:minmax(0, 1fr);}.kb-row-layout-id601_30602b-a5{background-image:url('https:\/\/endulusgrup.com\/wp-content\/uploads\/2021\/07\/roman-synkevych-5wJ2GiYSifA-unsplash.jpg');background-size:cover;background-position:center center;background-attachment:scroll;background-repeat:no-repeat;}.kb-row-layout-id601_30602b-a5 > .kt-row-layout-overlay{opacity:0.85;background-color:var(--global-palette9, #ffffff);}@media all and (max-width: 1024px){.kb-row-layout-id601_30602b-a5 > .kt-row-column-wrap{grid-template-columns:minmax(0, 1fr);}}@media all and (max-width: 767px){.kb-row-layout-id601_30602b-a5 > .kt-row-column-wrap{grid-template-columns:minmax(0, 1fr);}}<\/style><div class=\"kb-row-layout-wrap kb-row-layout-id601_30602b-a5 alignnone kt-row-has-bg wp-block-kadence-rowlayout\"><div class=\"kt-row-layout-overlay kt-row-overlay-normal\"><\/div><div class=\"kt-row-column-wrap kt-has-1-columns kt-row-layout-equal kt-tab-layout-inherit kt-mobile-layout-row kt-row-valign-top kb-theme-content-width\">\n<style>.kadence-column601_ec9616-70 > .kt-inside-inner-col,.kadence-column601_ec9616-70 > .kt-inside-inner-col:before{border-top-left-radius:0px;border-top-right-radius:0px;border-bottom-right-radius:0px;border-bottom-left-radius:0px;}.kadence-column601_ec9616-70 > .kt-inside-inner-col{column-gap:var(--global-kb-gap-sm, 1rem);}.kadence-column601_ec9616-70 > .kt-inside-inner-col{flex-direction:column;}.kadence-column601_ec9616-70 > .kt-inside-inner-col > .aligncenter{width:100%;}.kadence-column601_ec9616-70 > .kt-inside-inner-col:before{opacity:0.3;}.kadence-column601_ec9616-70{position:relative;}@media all and (max-width: 1024px){.kadence-column601_ec9616-70 > .kt-inside-inner-col{flex-direction:column;}}@media all and (max-width: 767px){.kadence-column601_ec9616-70 > .kt-inside-inner-col{flex-direction:column;}}<\/style>\n<div class=\"wp-block-kadence-column kadence-column601_ec9616-70 inner-column-1\"><div class=\"kt-inside-inner-col\"><style>.wp-block-kadence-advancedheading.kt-adv-heading601_8b431e-d6, .wp-block-kadence-advancedheading.kt-adv-heading601_8b431e-d6[data-kb-block=\"kb-adv-heading601_8b431e-d6\"]{text-align:center;font-style:normal;}.wp-block-kadence-advancedheading.kt-adv-heading601_8b431e-d6 mark.kt-highlight, .wp-block-kadence-advancedheading.kt-adv-heading601_8b431e-d6[data-kb-block=\"kb-adv-heading601_8b431e-d6\"] mark.kt-highlight{font-style:normal;color:#f76a0c;-webkit-box-decoration-break:clone;box-decoration-break:clone;padding-top:0px;padding-right:0px;padding-bottom:0px;padding-left:0px;}@media all and (max-width: 767px){.wp-block-kadence-advancedheading.kt-adv-heading601_8b431e-d6, .wp-block-kadence-advancedheading.kt-adv-heading601_8b431e-d6[data-kb-block=\"kb-adv-heading601_8b431e-d6\"]{font-size:28px;}}<\/style>\n<h1 class=\"kt-adv-heading601_8b431e-d6 wp-block-kadence-advancedheading has-theme-palette-3-color has-text-color\" data-kb-block=\"kb-adv-heading601_8b431e-d6\">Hakk\u0131m\u0131zda<\/h1>\n\n\n<style>.wp-block-kadence-advancedheading.kt-adv-heading601_bf1c94-71, .wp-block-kadence-advancedheading.kt-adv-heading601_bf1c94-71[data-kb-block=\"kb-adv-heading601_bf1c94-71\"]{text-align:center;font-style:normal;}.wp-block-kadence-advancedheading.kt-adv-heading601_bf1c94-71 mark.kt-highlight, .wp-block-kadence-advancedheading.kt-adv-heading601_bf1c94-71[data-kb-block=\"kb-adv-heading601_bf1c94-71\"] mark.kt-highlight{font-style:normal;color:#f76a0c;-webkit-box-decoration-break:clone;box-decoration-break:clone;padding-top:0px;padding-right:0px;padding-bottom:0px;padding-left:0px;}<\/style>\n<p class=\"kt-adv-heading601_bf1c94-71 wp-block-kadence-advancedheading has-theme-palette-4-color has-text-color\" data-kb-block=\"kb-adv-heading601_bf1c94-71\">End\u00fcl\u00fcs Uluslararas\u0131 Organizasyon, d\u00fcnyan\u0131n herhangi bir \u0131rk, din veya co\u011frafi b\u00f6lge ayr\u0131m\u0131 yapmaks\u0131z\u0131n, ba\u015fta sivil toplum kurulu\u015flar\u0131 olmak \u00fczere, canl\u0131 hayvan sat\u0131\u015f\u0131, su kuyusu in\u015faat\u0131 ve yemek da\u011f\u0131t\u0131m organizasyonlar\u0131 gibi \u00e7e\u015fitli alanlarda faaliyet g\u00f6stermektedir. Bu s\u00fcre\u00e7lerde yaln\u0131zca organizasyonlar\u0131 y\u00fcr\u00fctmekle kalmay\u0131p, ayn\u0131 zamanda sizlere dan\u0131\u015fmanl\u0131k hizmeti de sunuyoruz.<br><\/p>\n<\/div><\/div>\n\n<\/div><\/div>\n\n\n\n\n<p><\/p>\n","protected":false},"excerpt":{"rendered":"<p>Hakk\u0131m\u0131zda End\u00fcl\u00fcs Uluslararas\u0131 Organizasyon, d\u00fcnyan\u0131n herhangi bir \u0131rk, din veya co\u011frafi b\u00f6lge ayr\u0131m\u0131 yapmaks\u0131z\u0131n, ba\u015fta sivil toplum kurulu\u015flar\u0131 olmak \u00fczere, canl\u0131 hayvan sat\u0131\u015f\u0131, su kuyusu in\u015faat\u0131 ve yemek da\u011f\u0131t\u0131m organizasyonlar\u0131 gibi \u00e7e\u015fitli alanlarda faaliyet g\u00f6stermektedir. Bu s\u00fcre\u00e7lerde yaln\u0131zca organizasyonlar\u0131 y\u00fcr\u00fctmekle kalmay\u0131p, ayn\u0131 zamanda sizlere dan\u0131\u015fmanl\u0131k hizmeti de sunuyoruz. Su Kuyusu Faaliyetleri Afrika ve Asya&#8217;da su&#8230;<\/p>\n","protected":false},"author":1,"featured_media":798,"parent":0,"menu_order":0,"comment_status":"closed","ping_status":"closed","template":"","meta":{"give_campaign_id":0,"_kadence_starter_templates_imported_post":true,"_kad_post_transparent":"","_kad_post_title":"hide","_kad_post_layout":"fullwidth","_kad_post_sidebar_id":"","_kad_post_content_style":"unboxed","_kad_post_vertical_padding":"hide","_kad_post_feature":"hide","_kad_post_feature_position":"","_kad_post_header":false,"_kad_post_footer":false,"footnotes":""},"class_list":["post-601","page","type-page","status-publish","has-post-thumbnail","hentry"],"campaignId":"","_links":{"self":[{"href":"https:\/\/endulusgrup.com\/index.php?rest_route=\/wp\/v2\/pages\/601","targetHints":{"allow":["GET"]}}],"collection":[{"href":"https:\/\/endulusgrup.com\/index.php?rest_route=\/wp\/v2\/pages"}],"about":[{"href":"https:\/\/endulusgrup.com\/index.php?rest_route=\/wp\/v2\/types\/page"}],"author":[{"embeddable":true,"href":"https:\/\/endulusgrup.com\/index.php?rest_route=\/wp\/v2\/users\/1"}],"replies":[{"embeddable":true,"href":"https:\/\/endulusgrup.com\/index.php?rest_route=%2Fwp%2Fv2%2Fcomments&post=601"}],"version-history":[{"count":15,"href":"https:\/\/endulusgrup.com\/index.php?rest_route=\/wp\/v2\/pages\/601\/revisions"}],"predecessor-version":[{"id":1768,"href":"https:\/\/endulusgrup.com\/index.php?rest_route=\/wp\/v2\/pages\/601\/revisions\/1768"}],"wp:featuredmedia":[{"embeddable":true,"href":"https:\/\/endulusgrup.com\/index.php?rest_route=\/wp\/v2\/media\/798"}],"wp:attachment":[{"href":"https:\/\/endulusgrup.com\/index.php?rest_route=%2Fwp%2Fv2%2Fmedia&parent=601"}],"curies":[{"name":"wp","href":"https:\/\/api.w.org\/{rel}","templated":true}]}}