{"id":1427,"date":"2025-04-13T15:08:30","date_gmt":"2025-04-13T12:08:30","guid":{"rendered":"https:\/\/endulusgrup.com\/?page_id=1427"},"modified":"2026-01-18T13:58:50","modified_gmt":"2026-01-18T10:58:50","slug":"kvkk-bilgisi","status":"publish","type":"page","link":"https:\/\/endulusgrup.com\/?page_id=1427","title":{"rendered":"KVKK B\u0130LG\u0130LEND\u0130RMES\u0130"},"content":{"rendered":"\n<div class=\"wp-block-columns is-layout-flex wp-container-core-columns-is-layout-9d6595d7 wp-block-columns-is-layout-flex\">\n<div class=\"wp-block-column is-layout-flow wp-block-column-is-layout-flow\"><style>.kb-row-layout-wrap.wp-block-kadence-rowlayout.kb-row-layout-id1427_bf7ce9-23{margin-top:var(--global-kb-spacing-xl, 4rem);}.kb-row-layout-id1427_bf7ce9-23 > .kt-row-column-wrap{align-content:start;}:where(.kb-row-layout-id1427_bf7ce9-23 > .kt-row-column-wrap) > .wp-block-kadence-column{justify-content:start;}.kb-row-layout-id1427_bf7ce9-23 > .kt-row-column-wrap{column-gap:var(--global-kb-gap-md, 2rem);row-gap:var(--global-kb-gap-md, 2rem);padding-top:var(--global-kb-spacing-3xl, 6.5rem);padding-bottom:var(--global-kb-spacing-3xl, 6.5rem);grid-template-columns:minmax(0, 1fr);}.kb-row-layout-id1427_bf7ce9-23{background-image:url('https:\/\/endulusgrup.com\/wp-content\/uploads\/2021\/07\/2photo-pots-498UjzgcwA0-unsplash.jpg');background-size:cover;background-position:center center;background-attachment:scroll;background-repeat:no-repeat;}.kb-row-layout-id1427_bf7ce9-23 > .kt-row-layout-overlay{opacity:0.83;background-color:rgba(255, 255, 255, 0.81);}@media all and (max-width: 1024px){.kb-row-layout-id1427_bf7ce9-23 > .kt-row-column-wrap{grid-template-columns:minmax(0, 1fr);}}@media all and (max-width: 767px){.kb-row-layout-id1427_bf7ce9-23 > .kt-row-column-wrap{grid-template-columns:minmax(0, 1fr);}}<\/style><div class=\"kb-row-layout-wrap kb-row-layout-id1427_bf7ce9-23 alignnone kt-row-has-bg wp-block-kadence-rowlayout\"><div class=\"kt-row-layout-overlay kt-row-overlay-normal\"><\/div><div class=\"kt-row-column-wrap kt-has-1-columns kt-row-layout-equal kt-tab-layout-inherit kt-mobile-layout-row kt-row-valign-top\">\n<style>.kadence-column1427_5502b7-f3 > .kt-inside-inner-col,.kadence-column1427_5502b7-f3 > .kt-inside-inner-col:before{border-top-left-radius:0px;border-top-right-radius:0px;border-bottom-right-radius:0px;border-bottom-left-radius:0px;}.kadence-column1427_5502b7-f3 > .kt-inside-inner-col{column-gap:var(--global-kb-gap-sm, 1rem);}.kadence-column1427_5502b7-f3 > .kt-inside-inner-col{flex-direction:column;}.kadence-column1427_5502b7-f3 > .kt-inside-inner-col > .aligncenter{width:100%;}.kadence-column1427_5502b7-f3 > .kt-inside-inner-col:before{opacity:0.3;}.kadence-column1427_5502b7-f3{position:relative;}@media all and (max-width: 1024px){.kadence-column1427_5502b7-f3 > .kt-inside-inner-col{flex-direction:column;}}@media all and (max-width: 767px){.kadence-column1427_5502b7-f3 > .kt-inside-inner-col{flex-direction:column;}}<\/style>\n<div class=\"wp-block-kadence-column kadence-column1427_5502b7-f3\"><div class=\"kt-inside-inner-col\">\n<h2 class=\"wp-block-heading has-text-align-center\">KVKK B\u0130LG\u0130LEND\u0130RMES\u0130<\/h2>\n<\/div><\/div>\n\n<\/div><\/div><\/div>\n<\/div>\n\n\n\n<h3 class=\"wp-block-heading has-theme-palette-9-color has-text-color has-link-color wp-elements-bd80144ab292cc18cf2a13802b3a5067\">Kurumsal Sorumluluk ve Ki\u015fisel Verilerin Korunmas\u0131<\/h3>\n\n\n\n<p class=\"has-theme-palette-9-color has-text-color has-link-color wp-elements-a99a8280eb127d81730fec89ecedfec5\">Esas \u00e7al\u0131\u015fma alan\u0131m\u0131z olan <strong>\u0130slami e\u011fitim faaliyetlerinin<\/strong> yan\u0131nda; yoksulluk olan \u00fclke ve b\u00f6lgelerde, sava\u015f ve sava\u015f\u0131n etkisinin s\u00fcrd\u00fc\u011f\u00fc b\u00f6lgelerde, afet b\u00f6lgelerinde <strong>insani yard\u0131m faaliyetleri<\/strong> y\u00fcr\u00fctmekte olan <strong>END\u00dcL\u00dcS ULUSLARARASI ORGAN\u0130ZASYON<\/strong>, sekt\u00f6rdeki hassasiyetini <strong>ki\u015fisel verilerin g\u00fcvenli\u011fi<\/strong> hususunda da g\u00f6stermektedir.<\/p>\n\n\n\n<p class=\"has-theme-palette-9-color has-text-color has-link-color wp-elements-8eab2b3920206458202b1d8ccfa55a8c\"><strong>Veri Sorumlusu<\/strong>: END\u00dcL\u00dcS ULUSLARARASI ORGAN\u0130ZASYON<br><strong>Adres<\/strong>: \u00c7ar\u015f\u0131ba\u015f\u0131 Mah. Sarraflar Sok. Yuvam Apt. No:6 Kat:2 D:4 Merkez\/Sivas<\/p>\n\n\n\n<hr class=\"wp-block-separator has-alpha-channel-opacity\"\/>\n\n\n\n<h3 class=\"wp-block-heading has-theme-palette-9-color has-text-color has-link-color wp-elements-9b6f090552ce0c48379a27d94a588b4f\">Ki\u015fisel Verilerin \u0130\u015flenme Ama\u00e7lar\u0131<\/h3>\n\n\n\n<p class=\"has-theme-palette-9-color has-text-color has-link-color wp-elements-8cadd5c3b7592429cda626e265402143\">END\u00dcL\u00dcS ULUSLARARASI ORGAN\u0130ZASYON; \u0130slami e\u011fitim faaliyetlerinin yan\u0131nda, afet b\u00f6lgelerinde, sava\u015f ve sava\u015f\u0131n etkisinin s\u00fcrd\u00fc\u011f\u00fc b\u00f6lgelerde, yoksulluk olan \u00fclke ve b\u00f6lgelerde insani yard\u0131m faaliyetleriyle hizmet vermektedir.<\/p>\n\n\n\n<p class=\"has-theme-palette-9-color has-text-color has-link-color wp-elements-97e248b93b6c5278fee5c1bafe8749f1\">Bu hizmetler s\u0131ras\u0131nda, gerek <strong>kanuni y\u00fck\u00fcml\u00fcl\u00fcklerini yerine getirirken<\/strong>, gerekse bu y\u00fck\u00fcml\u00fcl\u00fcklerin ve verilen hizmetlerin dolayl\u0131 olarak gerektirdi\u011fi durumlarda <strong>ki\u015fisel verilerin i\u015flenmesine<\/strong> ihtiya\u00e7 duyulmaktad\u0131r.<\/p>\n\n\n\n<hr class=\"wp-block-separator has-alpha-channel-opacity\"\/>\n\n\n\n<h3 class=\"wp-block-heading has-theme-palette-9-color has-text-color has-link-color wp-elements-a56ab36d75642704d0a78470199cd5d9\">Ki\u015fisel Verilerin Aktar\u0131lmas\u0131<\/h3>\n\n\n\n<p class=\"has-theme-palette-9-color has-text-color has-link-color wp-elements-226119f4896cf28b54cc421d8112b8c8\">Ki\u015fisel verileriniz, yukar\u0131da belirtilen ama\u00e7lar do\u011frultusunda, <strong>Kanun\u2019un 8. ve 9. maddelerinde<\/strong> belirtilen \u015fartlara uygun olarak;<\/p>\n\n\n\n<ul class=\"wp-block-list has-theme-palette-9-color has-text-color has-link-color wp-elements-ddf482b4f0e6770e228e2be1df40f004\">\n<li>Mevzuatta izin verilen ger\u00e7ek ve t\u00fczel ki\u015filere,<\/li>\n\n\n\n<li>Yetkili kamu kurum ve kurulu\u015flar\u0131na,<\/li>\n\n\n\n<li>Adli ve idari yarg\u0131 mercilerine,<\/li>\n\n\n\n<li class=\"has-theme-palette-9-color has-text-color has-link-color wp-elements-d38451e97a3ac2e93c452b49dcb5f22d\">Kolluk kuvvetlerine,<\/li>\n\n\n\n<li>\u0130\u015f ili\u015fkisi i\u00e7erisinde olunan kurum ve kurulu\u015flara,<\/li>\n\n\n\n<li>E\u011fitim ve insani yard\u0131m faaliyetleri ile ilgili otoritelere,<\/li>\n\n\n\n<li>\u0130lgili bakanl\u0131klara,<\/li>\n\n\n\n<li>Ortak faaliyet y\u00fcr\u00fct\u00fclen insani yard\u0131m derneklerine ve proje ortaklar\u0131na,<\/li>\n\n\n\n<li>D\u0131\u015far\u0131dan hizmet al\u0131nan dan\u0131\u015fmanl\u0131k, teknoloji ve e\u011fitim \u015firketlerine<\/li>\n<\/ul>\n\n\n\n<p class=\"has-theme-palette-9-color has-text-color has-link-color wp-elements-3fcd6fa569391ace31f725d269eede88\">aktar\u0131labilmektedir.<\/p>\n\n\n\n<hr class=\"wp-block-separator has-alpha-channel-opacity\"\/>\n\n\n\n<h3 class=\"wp-block-heading has-theme-palette-9-color has-text-color has-link-color wp-elements-92ba56749892a890b2b4f8f76bc7e063\">Ki\u015fisel Verilerin Toplanma Y\u00f6ntemleri ve Hukuki Sebepleri<\/h3>\n\n\n\n<p class=\"has-theme-palette-9-color has-text-color has-link-color wp-elements-bf77f1dbf6f935cd45fea8b030bdfed8\">Ki\u015fisel verileriniz; END\u00dcL\u00dcS ULUSLARARASI ORGAN\u0130ZASYON taraf\u0131ndan yetkilendirilmi\u015f veri i\u015fleyen ger\u00e7ek veya t\u00fczel ki\u015filer arac\u0131l\u0131\u011f\u0131yla;<\/p>\n\n\n\n<ul class=\"wp-block-list has-theme-palette-9-color has-text-color has-link-color wp-elements-15c50c6827c349ed269ed083cbe25556\">\n<li>E-posta, telefon, internet sitesi,<\/li>\n\n\n\n<li>Muhtelif s\u00f6zle\u015fmeler,<\/li>\n\n\n\n<li>Ka\u011f\u0131t ortam\u0131ndaki formlar ve tutanaklar<\/li>\n<\/ul>\n\n\n\n<p class=\"has-theme-palette-9-color has-text-color has-link-color wp-elements-3dbd811edc6bad8496b2e46582c6f5c1\">gibi vas\u0131talarla, <strong>otomatik veya otomatik olmayan y\u00f6ntemlerle<\/strong>, <strong>s\u00f6zl\u00fc, yaz\u0131l\u0131 veya elektronik ortamda<\/strong> toplanmaktad\u0131r.<\/p>\n\n\n\n<hr class=\"wp-block-separator has-alpha-channel-opacity\"\/>\n\n\n\n<h3 class=\"wp-block-heading has-theme-palette-9-color has-text-color has-link-color wp-elements-e1e3ed0add7250d05d81d0cf9894b6b7\">Veri Sahiplerinin Kanun Kapsam\u0131ndaki Haklar\u0131<\/h3>\n\n\n\n<p class=\"has-theme-palette-9-color has-text-color has-link-color wp-elements-f1c2c605b1cde774aac238a5f5b0d6fc\">Diledi\u011finiz zaman END\u00dcL\u00dcS ULUSLARARASI ORGAN\u0130ZASYON\u2019a internet sitemiz \u00fczerinden ba\u015fvuruda bulunarak ki\u015fisel verilerinizin:<\/p>\n\n\n\n<ul class=\"wp-block-list has-theme-palette-9-color has-text-color has-link-color wp-elements-71842db110ce9c21592f9a1b104a988a\">\n<li>\u0130\u015flenip i\u015flenmedi\u011fini,<\/li>\n\n\n\n<li>\u0130\u015flenme amac\u0131n\u0131 ve amac\u0131na uygun kullan\u0131l\u0131p kullan\u0131lmad\u0131\u011f\u0131n\u0131 \u00f6\u011frenebilir,<\/li>\n\n\n\n<li>\u0130\u015flenmi\u015fse bu konuda bilgi talep edebilir,<\/li>\n\n\n\n<li>Kanun\u2019a uygun olarak yurt i\u00e7inde ve yurt d\u0131\u015f\u0131nda bilgilerinizin payla\u015f\u0131ld\u0131\u011f\u0131 \u00fc\u00e7\u00fcnc\u00fc ki\u015fileri \u00f6\u011frenebilir<\/li>\n\n\n\n<li>Ve daha fazlas\u0131n\u0131 talep edebilirsiniz.<\/li>\n<\/ul>\n\n\n\n<p><\/p>\n","protected":false},"excerpt":{"rendered":"<p>KVKK B\u0130LG\u0130LEND\u0130RMES\u0130 Kurumsal Sorumluluk ve Ki\u015fisel Verilerin Korunmas\u0131 Esas \u00e7al\u0131\u015fma alan\u0131m\u0131z olan \u0130slami e\u011fitim faaliyetlerinin yan\u0131nda; yoksulluk olan \u00fclke ve b\u00f6lgelerde, sava\u015f ve sava\u015f\u0131n etkisinin s\u00fcrd\u00fc\u011f\u00fc b\u00f6lgelerde, afet b\u00f6lgelerinde insani yard\u0131m faaliyetleri y\u00fcr\u00fctmekte olan END\u00dcL\u00dcS ULUSLARARASI ORGAN\u0130ZASYON, sekt\u00f6rdeki hassasiyetini ki\u015fisel verilerin g\u00fcvenli\u011fi hususunda da g\u00f6stermektedir. Veri Sorumlusu: END\u00dcL\u00dcS ULUSLARARASI ORGAN\u0130ZASYONAdres: \u00c7ar\u015f\u0131ba\u015f\u0131 Mah. Sarraflar Sok. Yuvam&#8230;<\/p>\n","protected":false},"author":1,"featured_media":0,"parent":0,"menu_order":0,"comment_status":"closed","ping_status":"closed","template":"","meta":{"give_campaign_id":0,"_kadence_starter_templates_imported_post":false,"_kad_post_transparent":"","_kad_post_title":"","_kad_post_layout":"","_kad_post_sidebar_id":"","_kad_post_content_style":"","_kad_post_vertical_padding":"","_kad_post_feature":"","_kad_post_feature_position":"","_kad_post_header":false,"_kad_post_footer":false,"footnotes":""},"class_list":["post-1427","page","type-page","status-publish","hentry"],"campaignId":"","_links":{"self":[{"href":"https:\/\/endulusgrup.com\/index.php?rest_route=\/wp\/v2\/pages\/1427","targetHints":{"allow":["GET"]}}],"collection":[{"href":"https:\/\/endulusgrup.com\/index.php?rest_route=\/wp\/v2\/pages"}],"about":[{"href":"https:\/\/endulusgrup.com\/index.php?rest_route=\/wp\/v2\/types\/page"}],"author":[{"embeddable":true,"href":"https:\/\/endulusgrup.com\/index.php?rest_route=\/wp\/v2\/users\/1"}],"replies":[{"embeddable":true,"href":"https:\/\/endulusgrup.com\/index.php?rest_route=%2Fwp%2Fv2%2Fcomments&post=1427"}],"version-history":[{"count":5,"href":"https:\/\/endulusgrup.com\/index.php?rest_route=\/wp\/v2\/pages\/1427\/revisions"}],"predecessor-version":[{"id":1774,"href":"https:\/\/endulusgrup.com\/index.php?rest_route=\/wp\/v2\/pages\/1427\/revisions\/1774"}],"wp:attachment":[{"href":"https:\/\/endulusgrup.com\/index.php?rest_route=%2Fwp%2Fv2%2Fmedia&parent=1427"}],"curies":[{"name":"wp","href":"https:\/\/api.w.org\/{rel}","templated":true}]}}